[INFO] fetching crate decision_tree 0.1.0...
[INFO] checking decision_tree-0.1.0 against master#af3c6e733a40e671550e0f0f5aeecaa13772ba56 for pr-74989
[INFO] extracting crate decision_tree 0.1.0 into /workspace/builds/worker-7/source
[INFO] validating manifest of crates.io crate decision_tree 0.1.0 on toolchain af3c6e733a40e671550e0f0f5aeecaa13772ba56
[INFO] running `Command { std: "/workspace/cargo-home/bin/cargo" "+af3c6e733a40e671550e0f0f5aeecaa13772ba56" "read-manifest" "--manifest-path" "Cargo.toml", kill_on_drop: false }`
[INFO] started tweaking crates.io crate decision_tree 0.1.0
[INFO] finished tweaking crates.io crate decision_tree 0.1.0
[INFO] tweaked toml for crates.io crate decision_tree 0.1.0 written to /workspace/builds/worker-7/source/Cargo.toml
[INFO] running `Command { std: "/workspace/cargo-home/bin/cargo" "+af3c6e733a40e671550e0f0f5aeecaa13772ba56" "generate-lockfile" "--manifest-path" "Cargo.toml" "-Zno-index-update", kill_on_drop: false }`
[INFO] [stderr]     Blocking waiting for file lock on package cache
[INFO] running `Command { std: "/workspace/cargo-home/bin/cargo" "+af3c6e733a40e671550e0f0f5aeecaa13772ba56" "fetch" "--locked" "--manifest-path" "Cargo.toml", kill_on_drop: false }`
[INFO] [stderr] warning: only one of `license` or `license-file` is necessary
[INFO] running `Command { std: "docker" "create" "-v" "/var/lib/crater-agent-workspace/builds/worker-7/target:/opt/rustwide/target:rw,Z" "-v" "/var/lib/crater-agent-workspace/builds/worker-7/source:/opt/rustwide/workdir:ro,Z" "-v" "/var/lib/crater-agent-workspace/cargo-home:/opt/rustwide/cargo-home:ro,Z" "-v" "/var/lib/crater-agent-workspace/rustup-home:/opt/rustwide/rustup-home:ro,Z" "-e" "SOURCE_DIR=/opt/rustwide/workdir" "-e" "CARGO_TARGET_DIR=/opt/rustwide/target" "-e" "CARGO_HOME=/opt/rustwide/cargo-home" "-e" "RUSTUP_HOME=/opt/rustwide/rustup-home" "-w" "/opt/rustwide/workdir" "-m" "1610612736" "--user" "0:0" "--network" "none" "rustops/crates-build-env@sha256:d92eaeed33fa75130ca1ee6c8a01d1ffb62bac859dfdfb3450e3e5d1c0146529" "/opt/rustwide/cargo-home/bin/cargo" "+af3c6e733a40e671550e0f0f5aeecaa13772ba56" "metadata" "--no-deps" "--format-version=1", kill_on_drop: false }`
[INFO] [stdout] 3a26001547ceb1b28dcc6aa09aa0326e08ee11be1d632ea51667f157208f1eec
[INFO] [stderr] WARNING: Your kernel does not support swap limit capabilities or the cgroup is not mounted. Memory limited without swap.
[INFO] running `Command { std: "docker" "start" "-a" "3a26001547ceb1b28dcc6aa09aa0326e08ee11be1d632ea51667f157208f1eec", kill_on_drop: false }`
[INFO] running `Command { std: "docker" "inspect" "3a26001547ceb1b28dcc6aa09aa0326e08ee11be1d632ea51667f157208f1eec", kill_on_drop: false }`
[INFO] running `Command { std: "docker" "rm" "-f" "3a26001547ceb1b28dcc6aa09aa0326e08ee11be1d632ea51667f157208f1eec", kill_on_drop: false }`
[INFO] [stdout] 3a26001547ceb1b28dcc6aa09aa0326e08ee11be1d632ea51667f157208f1eec
[INFO] running `Command { std: "docker" "create" "-v" "/var/lib/crater-agent-workspace/builds/worker-7/target:/opt/rustwide/target:rw,Z" "-v" "/var/lib/crater-agent-workspace/builds/worker-7/source:/opt/rustwide/workdir:ro,Z" "-v" "/var/lib/crater-agent-workspace/cargo-home:/opt/rustwide/cargo-home:ro,Z" "-v" "/var/lib/crater-agent-workspace/rustup-home:/opt/rustwide/rustup-home:ro,Z" "-e" "SOURCE_DIR=/opt/rustwide/workdir" "-e" "CARGO_TARGET_DIR=/opt/rustwide/target" "-e" "CARGO_INCREMENTAL=0" "-e" "RUST_BACKTRACE=full" "-e" "RUSTFLAGS=--cap-lints=forbid" "-e" "CARGO_HOME=/opt/rustwide/cargo-home" "-e" "RUSTUP_HOME=/opt/rustwide/rustup-home" "-w" "/opt/rustwide/workdir" "-m" "1610612736" "--user" "0:0" "--network" "none" "rustops/crates-build-env@sha256:d92eaeed33fa75130ca1ee6c8a01d1ffb62bac859dfdfb3450e3e5d1c0146529" "/opt/rustwide/cargo-home/bin/cargo" "+af3c6e733a40e671550e0f0f5aeecaa13772ba56" "check" "--frozen" "--all" "--all-targets" "--message-format=json", kill_on_drop: false }`
[INFO] [stderr] WARNING: Your kernel does not support swap limit capabilities or the cgroup is not mounted. Memory limited without swap.
[INFO] [stdout] 9507a753b110586663da9c475ac6cd95c9e3694f65b2ad988234c65dbef50e7d
[INFO] running `Command { std: "docker" "start" "-a" "9507a753b110586663da9c475ac6cd95c9e3694f65b2ad988234c65dbef50e7d", kill_on_drop: false }`
[INFO] [stderr] warning: only one of `license` or `license-file` is necessary
[INFO] [stderr]     Checking decision_tree v0.1.0 (/opt/rustwide/workdir)
[INFO] [stdout] error[E0583]: file not found for module `tree`
[INFO] [stdout]  --> examples/simple_tree.rs:1:1
[INFO] [stdout]   |
[INFO] [stdout] 1 | mod tree;
[INFO] [stdout]   | ^^^^^^^^^
[INFO] [stdout]   |
[INFO] [stdout]   = help: to create the module `tree`, create file "examples/tree.rs"
[INFO] [stdout] 
[INFO] [stdout] 
[INFO] [stdout] error[E0583]: file not found for module `node`
[INFO] [stdout]  --> examples/simple_tree.rs:2:1
[INFO] [stdout]   |
[INFO] [stdout] 2 | mod node;
[INFO] [stdout]   | ^^^^^^^^^
[INFO] [stdout]   |
[INFO] [stdout]   = help: to create the module `node`, create file "examples/node.rs"
[INFO] [stdout] 
[INFO] [stdout] 
[INFO] [stdout] error[E0432]: unresolved import `tree::Tree`
[INFO] [stdout]  --> examples/simple_tree.rs:4:12
[INFO] [stdout]   |
[INFO] [stdout] 4 | use tree::{Tree};
[INFO] [stdout]   |            ^^^^ no `Tree` in `tree`
[INFO] [stdout] 
[INFO] [stdout] 
[INFO] [stdout] error: aborting due to 3 previous errors
[INFO] [stdout] 
[INFO] [stdout] 
[INFO] [stdout] Some errors have detailed explanations: E0432, E0583.
[INFO] [stdout] 
[INFO] [stdout] For more information about an error, try `rustc --explain E0432`.
[INFO] [stdout] 
[INFO] [stderr] error: could not compile `decision_tree`.
[INFO] [stderr] 
[INFO] [stderr] To learn more, run the command again with --verbose.
[INFO] running `Command { std: "docker" "inspect" "9507a753b110586663da9c475ac6cd95c9e3694f65b2ad988234c65dbef50e7d", kill_on_drop: false }`
[INFO] running `Command { std: "docker" "rm" "-f" "9507a753b110586663da9c475ac6cd95c9e3694f65b2ad988234c65dbef50e7d", kill_on_drop: false }`
[INFO] [stdout] 9507a753b110586663da9c475ac6cd95c9e3694f65b2ad988234c65dbef50e7d
